**2 - 2 - 5 - 4*x. What is the units digit of n(-6)?
6
Suppose -3*v + 4*g + 1020 = 0, 4*v + g - 1929 + 550 = 0. Suppose -198 = 3*p - 4*o, -5*p + 2*o = -0*o + v. What is the tens digit of (-28)/6*180/p?
1
What is the tens digit of 13885*(-2)/(-70) + 2/7?
9
Suppose -190 = 2*n + 384. Let j = -188 - n. What is the units digit of j?
9
Let n = -49 - -75. Let t = n - 21. What is the tens digit of 2 + t/(10/78)?
4
Let v be (0 - 0) + 2*(-1 + -1). What is the tens digit of -8*(165/(-10) + v)?
6
Let b = -147 + 144. What is the tens digit of b - (2 - 38)/(9/66)?
6
Let y = 71 + -48. Suppose -y*c + 160 = -18*c. What is the tens digit of c?
3
Suppose -4*n + 18030 = 11*n. What is the thousands digit of n?
1
Let f(v) = -v**2 - 99*v - 116. What is the units digit of f(-37)?
8
What is the thousands digit of (-2671)/(3/(-30) - (-99)/(-110))?
2
Let m(i) = -95*i - 69. What is the hundreds digit of m(-19)?
7
Suppose 0 = i - 5*m - 1006, -2245 - 823 = -3*i + 5*m. What is the tens digit of i?
3
Let y = -6 - -13. Suppose r - 2*c - y = 2*c, 4*c - 8 = -4*r. Suppose -18 = -r*b - 3. What is the units digit of b?
5
Suppose 26 - 1 = -5*n, 4*n - 10 = -2*l. Suppose -5*q - 148 + 3 = -i, -l = -3*i. Let y = -4 - q. What is the units digit of y?
4
Let v be 5/2*(-6 - 0). Let c = v - -9. What is the units digit of 0 - 0 - (-7 - c)?
1
Let l(k) = -k**3 + k**2 + k + 22. Suppose 7*y + 137 = -143. Let j = y + 40. What is the tens digit of l(j)?
2
Let l(m) = 10 + 13*m - 5 + 7 - 33*m. Let r be l(-6). Suppose -11*h = -14*h + r. What is the units digit of h?
4
Suppose 0 = 12*r - 7766 - 5242. What is the units digit of r?
4
Let a(b) = b**2 - 13*b - 18. What is the tens digit of a(-12)?
8
Let c be ((-15)/2)/(2/(-124) - 0). Suppose -4*n = -8*m + 13*m - c, n = 2*m - 199. What is the units digit of m?
7
Suppose -t - u = -2*t + 1, -3*t - 5*u = -43. What is the tens digit of 3/t + 822/12?
6
Let c(v) = -v**3 - 9*v**2 + 2. Let z be c(-9). Suppose -153 = -z*p - p. Suppose -4*o - p = -155. What is the units digit of o?
6
Let f be (-2)/(-3*3/18). Suppose -3*p + f*i = -19 - 29, 2*i - 6 = 0. What is the tens digit of p?
2
Let d(f) = f**2 + 23*f + 307. What is the tens digit of d(0)?
0
Suppose 0 = -5*j - 3*a - 45, -6*a + 3*a = -15. Let h be (4/8 - 2)*j. Suppose -2*x + h + 0 = 0. What is the units digit of x?
9
Let r(j) = 2 - 10 + 14*j - 5. What is the tens digit of r(5)?
5
Suppose 4*r - 332 = -5*m + 853, -m + 2*r + 237 = 0. What is the tens digit of m?
3
Suppose 3*b - 35 = -5*g, b - 25 = 7*g - 12*g. Suppose -r + 27 = -g*z, -2*r = -5*z - 28 - 41. What is the tens digit of r?
4
Let i = -143 - -303. Suppose 0*f - 4*f - i = 0. What is the tens digit of (-3)/(-3 + f/(-14))?
2
Suppose 8*i = 5*z + 3*i - 555, -4*i = 3*z - 361. Suppose v - 5*k + 33 = 108, -v = 3*k - z. What is the hundreds digit of v?
1
Suppose 2*x + 0*x = 152. Let k = -131 + x. What is the units digit of (-198)/k*15/2?
7
Suppose -2*h - h = -87. Suppose -p = 4*z - 0*p - 555, z - 126 = 4*p. Suppose -w = -m + h, 0*m = -5*m - 2*w + z. What is the tens digit of m?
2
Suppose 116795 = -9*n + 56*n. What is the hundreds digit of n?
4
Let k = 1799 + -571. What is the units digit of k?
8
Suppose -13*h = -43564 + 12520. What is the units digit of h?
8
Let m(l) = -1. Let d(j) = -3*j**2 - 20*j + 1. Let o(i) = -d(i) - 6*m(i). What is the tens digit of o(-9)?
6
Suppose 25 = 2*j - 2*f + 15, -4*f + 34 = 5*j. What is the units digit of j?
6
Let b(f) = 7*f**2 + 8*f - 1. What is the hundreds digit of b(6)?
2
Suppose -z - 5*w + 638 = 2*z, 10 = -5*w. What is the tens digit of z?
1
Let u = -60 - -31. Let c = u - -21. Let z = c - -12. What is the units digit of z?
4
Suppose 19*v = 24*v - 2735. What is the units digit of v?
7
Let b(r) be the second derivative of 25*r**3/6 - r**2 + 10*r. What is the units digit of b(3)?
3
Suppose f - 28 = -2*f - b, -2*b = 2*f - 20. Let g(t) = t - 2. What is the units digit of g(f)?
7
Let d(f) = f**3 - 7*f**2 + 6*f + 1. Let j be d(5). Let a(y) = -y + 9. Let s be a(9). What is the units digit of s + 2 - 1*j?
1
Suppose 8*u + 666 = 11*u. What is the hundreds digit of u?
2
Suppose q = x - 3*q + 13, 4*x = -3*q + 43. Suppose -4*b + 3*j - x*j = -312, b = 5*j + 66. Let h = -49 + b. What is the tens digit of h?
2
Let o(k) = k**2 - 44*k - 26. What is the tens digit of o(-25)?
9
Let s = 2136 - 1657. What is the units digit of s?
9
Let p(t) be the second derivative of -2*t**2 + 0 - 3*t + 4/3*t**3. What is the tens digit of p(3)?
2
Let c(m) = -3*m**2 - 9*m + 9. Let p(w) = -w**2 - 3*w + 3. Let h(g) = -4*c(g) + 11*p(g). Let q = 11 - 15. What is the units digit of h(q)?
1
Let a be ((-12)/(-10))/((-4)/(-20)). Suppose 0 = a*t - 2053 + 787. What is the units digit of t?
1
Suppose 7*l + 14 = 2*s + 2*l, 0 = 4*s + 4*l - 28. Let c = s + -2. Suppose 0 = 4*i + c*h - 52, 0 = -8*i + 4*i - 3*h + 44. What is the units digit of i?
8
Suppose -43 = -4*a - 4*z - 291, -5*a = 2*z + 307. Let q = 239 - a. What is the tens digit of q?
0
Let h(m) = m + 3. Let f be h(7). Suppose -73 + f = -b. Suppose v + 2*v - b = -5*z, v - 5*z = 21. What is the units digit of v?
1
Suppose p - 21750 = -14*p. What is the hundreds digit of p?
4
Let f = -575 + 1045. What is the units digit of f?
0
Let s = -2 + 7. Suppose -3*z = 3*m - 90, 30 = 2*z - s*m - 16. What is the units digit of z?
8
What is the tens digit of 313 - (-4)/(-4 - -2)?
1
Suppose -26 + 6 = -2*v. Suppose 2*k + k = 0. Suppose -17 = -w - k*w - 2*m, -v = -5*m. What is the tens digit of w?
1
Let p = -1972 - -4000. What is the tens digit of p?
2
Let w(k) be the first derivative of k**3/6 - 3*k**2/2 - 2*k - 3. Let h(l) be the first derivative of w(l). What is the units digit of h(4)?
1
Suppose 0 = 5*w + r + r - 232, 0 = 3*w + 5*r - 143. What is the tens digit of w?
4
Suppose 4*o = -3*u + 66, -3*u + 3*o - 22 = -4*u. Suppose u - 55 = -4*z + 3*g, -3*z - g = -28. What is the units digit of z?
9
Let r(v) = v - 55. Let t be r(-25). Let h = t - -265. What is the units digit of h?
5
Let r(t) be the second derivative of t**6/360 - t**5/24 - t**3/3 + 5*t. Let x(p) be the second derivative of r(p). What is the units digit of x(6)?
6
Let i = 818 + -470. What is the hundreds digit of i?
3
Let i = 26 + -23. Suppose -i + 1 = -n. Suppose 4*k - 226 = -n*h + 10, -12 = 3*h. What is the tens digit of k?
6
What is the units digit of (-918)/(-57) - ((-51)/57 + 1)?
6
Suppose -152*n + 157*n = 2525. Suppose -5*b + 3*v = -n, 0*b + 202 = 2*b - 4*v. What is the hundreds digit of b?
1
What is the hundreds digit of 32/(-208) - (-25989)/13?
9
Suppose 5*n = -0*y + 2*y + 590, -4*y + 380 = 3*n. What is the units digit of (n - 0)/((-3)/(-2))?
0
Suppose 14 = -5*g + l, -g = -0*l - l + 6. Let a be (-1 - (-2 - g)) + 3. Suppose 3*p + 6 = 0, -4*p = -a*b - 0*b + 110. What is the tens digit of b?
5
Suppose -4*m + 84 = -6*m. Let h be (m/2)/(12/(-8)). Suppose -4*l + h = -2*l + 3*p, 12 = -3*p. What is the tens digit of l?
1
Suppose -23 - 398 = -m. What is the units digit of m?
1
Let i be (6/(-2) + 3)/(5 + -6). Suppose i = 3*g + 2*g - 460. What is the tens digit of g?
9
Let y(p) = 4*p**2 - 8*p + 12. Let x(r) = r**3 + 10*r**2 - 12*r - 4. Let z be x(-11). What is the units digit of y(z)?
2
Let l = 659 - 333. What is the units digit of l?
6
Let c(b) = 18*b - 1. Let k be c(3). Suppose -3*x + 5*q + 196 - k = 0, -61 = -x + 5*q. What is the units digit of x?
1
Suppose 2*w + g = -2*g - 20, 0 = 4*w - g + 12. Let x(m) = -2*m**3 + m**2 + 22*m + 6. What is the units digit of x(w)?
2
Suppose -4*f + 7*f = -4*q + 111, -f = 5*q - 125. Suppose -q*c = -26*c + 22. What is the units digit of c?
1
Suppose -t + 3 = 4*j, 6*j - 9 = 2*j - 3*t. Suppose -5*f + 2*f - 90 = j. What is the units digit of 4/(-30) - 1114/f?
7
Suppose -92*s + 12 = -88*s. Let q(k) = k**2 - k. Let n be q(-1). Suppose 95 = s*l + n*l. What is the tens digit of l?
1
Let y = 532 - 73. What is the hundreds digit of y?
4
Let y(t) = t**2 + 6*t + 479. What is the hundreds digit of y(0)?
4
Let n(y) be the first derivative of -y**4/4 + y**3/3 + 3*y**2 + 3*y + 6. What is the units digit of n(3)?
3
Let h(k) = 0*k - 4 + 4*k - k. Let f be h(6). What is the units digit of (-21)/f + 34/4?
7
Let v(u) = -6*u**2 + 7*u - 1. Let l be v(4). Let c = -26 - l. Let g = -30 + c. What is the tens digit of g?
1
Let t(g) = g**2 + 9*g + 4. Let w be t(-8). Let q be 